50?
350
What is the highest common factor of 5339 and 171?
19
Calculate the highest common divisor of 17370 and 39510.
90
What is the greatest common divisor of 538 and 509755?
269
What is the highest common factor of 46 and 3046994?
46
Calculate the highest common divisor of 115 and 170545.
115
What is the greatest common divisor of 301296 and 120?
24
Calculate the greatest common factor of 10440 and 5832.
72
What is the highest common divisor of 127570 and 20?
10
What is the greatest common factor of 2905 and 747?
83
Calculate the greatest common factor of 144 and 68814.
18
What is the highest common divisor of 15 and 500945?
5
Calculate the greatest common divisor of 12 and 2685568.
4
Calculate the greatest common divisor of 112 and 126497.
7
Calculate the highest common divisor of 4745 and 1111790.
365
Calculate the highest common divisor of 3479070 and 60.
30
Calculate the greatest common divisor of 9453 and 1219.
23
What is the greatest common factor of 36 and 21609?
9
Calculate the highest common divisor of 286341 and 99.
33
What is the greatest common divisor of 2840 and 1065?
355
Calculate the highest common factor of 405801 and 198.
99
What is the highest common divisor of 93 and 10571?
31
What is the greatest common factor of 13736 and 15554?
202
What is the highest common divisor of 4792 and 1728?
8
Calculate the greatest common divisor of 22062 and 4.
2
What is the greatest common divisor of 1174522 and 1582?
226
Calculate the highest common divisor of 5290982 and 956.
478
Calculate the greatest common factor of 840 and 356280.
120
Calculate the greatest common divisor of 6669 and 71604.
351
What is the greatest common factor of 8316 and 432?
108
Calculate the highest common factor of 126 and 303429.
21
What is the greatest common factor of 10910496 and 288?
96
What is the highest common factor of 234513 and 45?
9
What is the highest common divisor of 23618 and 42?
14
What is the highest common factor of 1739 and 41219?
47
Calculate the greatest common divisor of 183029 and 77.
77
Calculate the highest common factor of 60791 and 124.
31
What is the greatest common divisor of 935 and 1593427?
187
What is the highest common divisor of 1815 and 20845?
55
Calculate the highest common factor of 6208 and 16.
16
Calculate the highest common divisor of 99554 and 364.
182
Calculate the highest common factor of 2803545 and 9.
9
Calculate the greatest common divisor of 39285 and 297.
27
Calculate the highest common factor of 3087 and 270459.
63
What is the greatest common factor of 351 and 1884129?
39
Calculate the greatest common divisor of 33 and 72171.
33
Calculate the greatest common factor of 41710 and 2150.
430
What is the greatest common factor of 3 and 20634?
3
Calculate the highest common divisor of 1587585 and 327.
327
What is the greatest common divisor of 677310 and 75?
15
Calculate the greatest common factor of 159 and 4119213.
159
Calculate the highest common divisor of 1248 and 177801.
39
Calculate the highest common factor of 56445 and 62835.
1065
Calculate the highest common divisor of 19855 and 544445.
1045
What is the highest common divisor of 95 and 14545?
5
Calculate the greatest common divisor of 667 and 1247.
29
Calculate the highest common factor of 520310 and 630.
70
What is the greatest common divisor of 10797 and 183?
183
What is the highest common factor of 271719 and 42?
21
Calculate the greatest common divisor of 1850 and 13050.
50
Calculate the greatest common divisor of 7675 and 1225.
25
Calculate the greatest common divisor of 122910 and 1530.
510
Calculate the highest common factor of 134928 and 11952.
144
Calculate the greatest common factor of 8235 and 2781.
27
Calculate the greatest common factor of 13955 and 20.
5
Calculate the greatest common factor of 2619 and 81.
27
Calculate the greatest common factor of 84 and 90912.
12
What is the greatest common factor of 629 and 5321?
17
What is the highest common factor of 1 and 14281?
1
Calculate the highest common factor of 3390 and 3300.
30
Calculate the highest common divisor of 594 and 41085.
99
What is the greatest common divisor of 97 and 47239?
97
What is the greatest common factor of 20646 and 1702?
74
What is the highest common divisor of 78217 and 215?
43
What is the highest common divisor of 1502500 and 1500?
500
Calculate the highest common divisor of 1249 and 36.
1
What is the highest common factor of 61178 and 5408?
338
Calculate the greatest common divisor of 40504 and 48.
8
What is the greatest common factor of 25920 and 1216?
64
What is the highest common divisor of 4081 and 19558?
77
What is the greatest common factor of 125776 and 112?
112
Calculate the highest common factor of 114 and 6897.
57
Calculate the greatest common factor of 20597 and 903.
43
What is the highest common factor of 607 and 7670659?
607
What is the highest common divisor of 82147 and 520?
13
Calculate the highest common divisor of 44 and 804628.
44
Calculate the greatest common divisor of 7350 and 10650.
150
Calculate the highest common divisor of 12204733 and 43.
43
What is the highest common factor of 82 and 957227?
41
Calculate the highest common divisor of 54090 and 1290.
30
What is the highest common factor of 1144 and 2034032?
1144
Calculate the greatest common factor of 29 and 4563121.
29
What is the greatest common divisor of 64720 and 3920?
80
What is the highest common divisor of 522775 and 50?
25
What is the highest common divisor of 252 and 187362?
126
What is the greatest common divisor of 98 and 32921?
7
Calculate the greatest common divisor of 1806 and 1512.
42
What is the greatest common factor of 9209712 and 1226?
1226
Calculate the greatest common divisor of 317730 and 420.
210
Calculate the highest common divisor of 115 and 271883.
23
Calculate the greatest common divisor of 162 and 1194.
6
Calculate the greatest common divisor of 586 and 4390019.
293
Calculate the highest common divisor of 194177 and 11917.
701
What is the highest common factor of 26850 and 21675?
75
Calculate the highest common divisor of 69 and 605337.
69
Calculate the greatest common factor of 170 and 30073.
17
Calculate the greatest common factor of 616 and 862400.
616
What is the highest common factor of 248125 and 6749?
397
What is the greatest common divisor of 153 and 1620117?
153
Calculate the highest common divisor of 376 and 1544.
8
What is the highest common divisor of 15033056 and 103?
103
What is the highest common factor of 278138 and 196?
14
Calculate the highest common factor of 10 and 3108610.
10
Calculate the greatest common divisor of 49930 and 4.
2
Calculate the highest common factor of 8380 and 14570.
10
Calculate the highest common divisor of 36890 and 465.
155
Calculate the highest common factor of 1058 and 2300.
46
What is the highest common divisor of 2449 and 1860?
31
Calculate the highest common divisor of 7564 and 1364.
124
What is the greatest common factor of 632 and 11320?
8
Calculate the greatest common divisor of 208430 and 190.
190
Calculate the highest common divisor of 4800 and 257280.
960
What is the highest common factor of 9347 and 34512?
719
What is the highest common factor of 16 and 258212?
4
Calculate the greatest common divisor of 790 and 198606.
158
Calculate the highest common factor of 88242 and 4410.
42
What is the greatest common divisor of 74640 and 1200?
240
Calculate the greatest common factor of 921 and 129554.
307
What is the greatest common divisor of 61425 and 200?
25
Calculate the highest common divisor of 4729065 and 110.
55
What is the greatest common factor of 1197984 and 96?
96
What is the greatest common factor of 245 and 1813?
49
What is the highest common divisor of 660152 and 24?
8
Calculate the greatest common divisor of 435 and 466842.
87
What is the highest common factor of 790324 and 152?
76
Calculate the highest common factor of 4534433 and 1103.
1103
What is the greatest common factor of 426 and 81650?
142
What is the greatest common factor of 130239 and 8091?
261
Calculate the highest common divisor of 80688 and 36.
12
What is the highest common divisor of 4590 and 2670?
30
What is the highest common divisor of 150 and 2514250?
50
Calculate the greatest common divisor of 12342 and 1275.
51
What is the greate